*2 + l + 21. List the prime factors of i(18).
3, 13
Let d(z) = z**3 - 2*z**2 - 4*z - 3. What are the prime factors of d(4)?
13
Let h be ((-9)/(-4))/(9/24). Suppose 3*m - h*m + 57 = 0. Suppose 3*s = -i - 1 - 6, -s = 3*i - m. What are the prime factors of i?
2
Let y = 0 - 1. Let f(s) = -7*s**2 - 4*s - 3. Let z(b) = -20*b**2 - 13*b - 10. Let o(v) = -7*f(v) + 2*z(v). List the prime factors of o(y).
2
Suppose 0 = 3*u - 2*u - 2. Suppose -27 - 3 = -u*s. List the prime factors of s.
3, 5
Suppose 11*c - 3304 = -3*c. List the prime factors of c.
2, 59
Suppose 2*r - p + 4 = r, -3*p - 24 = 3*r. What are the prime factors of (-94)/r + (-3)/(-9)?
2
Let d be 1/(-3)*(1 + 2). Let b(q) = -14*q**3 + 2*q**2 + 2*q + 1. Let s be b(d). Suppose 5*r = s, -r + 22 = 4*j - 3*r. List the prime factors of j.
7
Let k(o) = o**3 - o**2 - 3*o - 3. Let p be k(3). Let q = p - -1. List the prime factors of q.
7
Let r(h) = h - 2*h - 2*h + 3 + h**2. Let x be r(3). List the prime factors of x/1*28/6.
2, 7
Let b = -36 + 60. What are the prime factors of b?
2, 3
Let d(h) = -h**3 - 7*h**2 - 5*h + 1. Let a be d(-6). Let t(s) = -s**2 - 6*s - 7. Let b be t(a). Let p = b - -7. What are the prime factors of p?
5
Let z be -2 - (-8)/(-3)*3. Let f = z - -15. Suppose -f*o = -o - 12. What are the prime factors of o?
3
Suppose -3*n = 5*f - 42 - 276, -2*f - 318 = -3*n. List the prime factors of n.
2, 53
Let i(k) = 6*k - 20. Let r be i(15). Suppose 5*w = 7*w - r. What are the prime factors of w?
5, 7
Let r(w) = -6*w - 5. Let q be r(-3). Let v(d) = d**3 - 12*d**2 - 12*d + 19. What are the prime factors of v(q)?
2
Let j(k) = 9*k**2 - 2*k + 2. List the prime factors of j(1).
3
Let z(p) be the first derivative of 3*p**2/2 + 4*p + 3. Let n be z(-5). Let w = -4 - n. List the prime factors of w.
7
Let i(n) = -n**2 + 3*n - 3. Let t be i(4). List the prime factors of (-90)/(-21) + 2/t.
2
Let b be (23 - 1)*(-7)/14. What are the prime factors of (21/5)/(b/(-110))?
2, 3, 7
Suppose -6*n = -n + 25. What are the prime factors of n/(-10) + (-57)/(-2)?
29
Suppose 0*s + 36 = 4*s. Suppose 0*g + s = g. What are the prime factors of g?
3
Let d(u) = -u**2 + 3*u - 1. Let o be d(2). What are the prime factors of (o + -2 - -38) + 0?
37
Let z = 7 - -1. Suppose -z*i - 21 = -11*i. What are the prime factors of i?
7
Let o = 90 + -18. List the prime factors of o.
2, 3
Suppose 0 = -0*y + 4*y. Suppose y = c - 2 + 5. List the prime factors of (-10 - (c - -1))*-1.
2
Let p(v) = v**3 + 7*v**2 + 4*v - 10. Let x be p(-6). Suppose b + 0*q - q = 24, 0 = x*b + q - 48. What are the prime factors of b?
2, 3
Let i(k) = k - 17. Let c(v) = -v + 16. Let t(n) = 4*c(n) + 3*i(n). List the prime factors of t(0).
13
Let c(u) = -u**3 - 2*u**2 - u + 90. What are the prime factors of c(0)?
2, 3, 5
Let p = 3 + -1. Suppose -p*y + 41 = u, 3*y - 2*u - 92 = -27. What are the prime factors of y?
3, 7
Let w = -7 - -5. Let r(q) = -q**2 + 10*q - 11. Let m be r(8). List the prime factors of 30/9*(w + m).
2, 5
Suppose -3*c + 34 = m, -2*m - 2*c + 7*c = -101. What are the prime factors of m?
43
Let q(i) = 2*i - 1. Let z be q(-1). List the prime factors of (-237)/(-9) + (-2)/z.
3
What are the prime factors of 8868/54 - 2/9?
2, 41
Let g = -25 + 39. Let h = -10 + g. Let u = 6 - h. List the prime factors of u.
2
Suppose -4*z = -2*z - 248. What are the prime factors of z?
2, 31
Let z(f) be the second derivative of f**5/20 + f**4/2 + 2*f**3/3 - 3*f**2/2 + 3*f. What are the prime factors of z(-4)?
13
Let n(z) = 4*z**2 - 2*z - 1. Let w be n(-1). Suppose -w*f = 2*o - 16, 0 = -2*o - 0*f + 2*f + 2. List the prime factors of o.
3
Let y(n) = n**3 - n**2 - n - 1. Let r(k) = -5*k**3 + 17*k**2 - 7*k + 1. Let c(d) = r(d) + 6*y(d). What are the prime factors of c(-12)?
7
Let o(f) = -2*f**3 - 5*f**2 + f + 4. What are the prime factors of o(-5)?
2, 31
Suppose -6*s + 1682 = -838. List the prime factors of s.
2, 3, 5, 7
Let h = -8 + 7. Let f be h + 1 + -1*3. Let p(u) = -4*u - 1. What are the prime factors of p(f)?
11
Let q be (-2)/13 + 480/78. Let v(w) = 2*w - 7. Let l be v(q). Suppose 3*z = 6*z - 15, -2*x - l*z + 31 = 0. List the prime factors of x.
3
Let s(f) = 3*f**2 + 4*f - 4. Let c(v) = 10*v**2 + 12*v - 12. Let p(d) = -2*c(d) + 7*s(d). Let x be 22/(-4) + 3/(-6). List the prime factors of p(x).
2
Suppose -4*x + 5*p + 33 = 0, -28 = -x - 3*x + 4*p. What are the prime factors of (x - 3) + (-48)/(-2)?
23
Suppose 0 = 3*h - 0*h - 213. What are the prime factors of h?
71
Let k(x) = -x**3 - 6*x**2 + 6*x + 3. Let t be k(-7). Suppose 2*y + 3*y = -t. List the prime factors of y/(-2 - 4/(-3)).
3
Let q be 1 + 0 - (8 - 5). Let v be (-554)/(-18) - q/9. Suppose -3*f - v = -2*j - 2*f, 10 = -2*f. What are the prime factors of j?
13
Let l(k) = -k**2 - 9*k - 4. Let w be l(-8). Suppose r - w = -1. What are the prime factors of (-12)/(-8)*r*2?
3
Suppose 3*m - 3*x - 6 = 0, 2*m - x = 8 - 1. Let t = m + -6. Let f = t - -6. What are the prime factors of f?
5
Suppose 133 + 101 = 3*c. What are the prime factors of c?
2, 3, 13
Let w = -30 + 67. What are the prime factors of w?
37
Suppose 0 = -u - 3*q + 229, -12*u + 9*u - q = -727. What are the prime factors of u?
2, 61
Let p(l) = 2*l**2 + 0*l**2 - 11*l**3 + l - 3*l**2 + 1. Let n be (4 - 2/1) + -3. What are the prime factors of p(n)?
2, 5
Let n = 63 + -18. What are the prime factors of n?
3, 5
Suppose 2*y + 3*y = 0. Let c(r) = -3 - r + y + 8 + 2. What are the prime factors of c(5)?
2
Let g(y) = 2*y - 2. Let p(q) = q**2 + 5*q. Let m be p(-6). What are the prime factors of g(m)?
2, 5
What are the prime factors of ((-12)/(-21))/((-8)/(-5908))?
2, 211
Let b(m) = -13*m + 27*m + 3 + 8*m**2 - 17*m. What are the prime factors of b(2)?
29
Suppose -57 = 2*f - 3*p, -f = p - 3*p + 31. Let a = -13 - f. What are the prime factors of a?
2
Let i(j) = -4*j + 16. Let l be i(7). Let u = l - -21. What are the prime factors of u?
3
Suppose -16*w - 40 = -20*w. List the prime factors of w.
2, 5
Let q = -10 - -7. Let b be 5/q - (-2)/(-6). What are the prime factors of (3/b)/(4/(-8))?
3
Let x = 5 + -10. Let o = x - -16. What are the prime factors of o?
11
Let d(h) = 31*h - 5. Let b be d(5). Suppose -b = -7*j + 2*j. List the prime factors of j.
2, 3, 5
Suppose -602 = -4*z + 118. What are the prime factors of z?
2, 3, 5
Let v be 42 + -1 + (-12)/12. Suppose f + 3*m - v = 5*m, -3*f - 4*m = -150. What are the prime factors of f?
2, 23
Let j be 16/7 + (-14)/49. Suppose 138 = 5*m + 2*a, 36 = j*m - 5*a - 25. List the prime factors of m.
2, 7
Let n = 346 + -117. List the prime factors of n.
229
Let p(s) = 91*s + 3. List the prime factors of p(1).
2, 47
Suppose 2*c + 6 = 4*j, 0*j - 2*j = -6. Suppose 48 = c*b - 36. Let x = b + -13. What are the prime factors of x?
3, 5
List the prime factors of 0 + 3/6*76.
2, 19
Suppose -69 + 357 = 4*t. Suppose 3*l - 11 = o - 37, -4*o + t = -4*l. List the prime factors of o.
2, 7
Suppose -6*x + 916 + 278 = 0. List the prime factors of x.
199
Suppose 2*b + b = 15. Let j = 11 - b. Suppose 5*p - 9 = j. List the prime factors of p.
3
Let w(m) = 11*m**2 - 2*m - 1. Let r(a) = -a**2 - 6*a + 6. Let d be r(-7). List the prime factors of w(d).
2, 3
Let v(i) = 5*i - 1. Let y be v(6). Let a = 40 - y. What are the prime factors of a?
11
Let m(d) = 9*d + 5. Let b be m(-6). List the prime factors of b/(-3) - (-4)/(-12).
2
Let y = 10 - 6. Suppose j - y*j + 60 = 0. List the prime factors of j.
2, 5
Suppose 5*k + 473 = 2*v, v + 684 = 4*v + k. What are the prime factors of v?
229
Suppose 2*d = d - 18. Let n = d - -5. Let s = n + 23. List the prime factors of s.
2, 5
Suppose 3*a + 3*y = a + 15, 5*y = -5. Suppose -q - 3*i + 16 = 0, 2*q - q = 4*i + a. List the prime factors of q.
13
Let m be (90/(-27))/((-2)/3). Let z = m + -2. Suppose -2*o - z*g + 41 = 2*o, 2*g - 32 = -3*o. List the prime factors of o.
2, 7
Suppose -87 - 39 = -6*x. What are the prime factors of x?
3, 7
List the prime factors of -4*20/32*-2.
5
Let z(u) = u**2 + 7*u + 6. Let q be z(-7). Let a(c) = c**3 - 4*c**2 - 5*c. Let g be a(q). Suppose -2*v + g = -0*v. List the prime factors of v.
3, 7
Suppose 0*n = 4*n - 92. What are the prime factors of n?
23
Suppose 0*y + 2 = 2*y, -2*t + y + 119 = 0. List the prime factors of t.
2, 3, 5
Let g(c) = -c**3 - c + 40. What are the prime factors of g(0)?
2, 5
List the prime facto